be i(3). Let f = 24 + w. What are the prime factors of f?
7
Let k(j) = 34*j**3 - 2*j**2 + 2*j - 1. Suppose 4*x = 2*u + 14, 4*x + 5*u + 13 = -8. List the prime factors of k(x).
3, 11
Suppose -7*r = -5*r - 4. Suppose -2*y = -y - r*w - 63, -y - 3*w = -38. List the prime factors of y.
53
Let u = 2 + 0. Suppose -2*x + 3 = -r - 10, 1 = u*x - 5*r. What are the prime factors of 3*(x/2 + -1)?
3
What are the prime factors of 170/3 - (-10)/30?
3, 19
Suppose 5*n = 2*t - 5 - 10, 5*n - 55 = -5*t. Suppose -5*y = t - 50. List the prime factors of y.
2
Let c = -16 + 8. Let o = 31 - 17. Let f = c + o. What are the prime factors of f?
2, 3
Suppose 2975 = 22*d - 5*d. What are the prime factors of d?
5, 7
Let p(k) = k**3 - 9*k**2 - 3 - 4*k**2 + 2*k - 12. What are the prime factors of p(13)?
11
Let c = 18 + -21. What are the prime factors of 4*c/(-36)*93?
31
Let k = 13 - 0. List the prime factors of k.
13
Suppose -472 = -3*r - 64. List the prime factors of r.
2, 17
Suppose -1 = i - 19. List the prime factors of i.
2, 3
Let x(l) = l**3 + 10*l**2 + 15*l + 4. What are the prime factors of x(-8)?
2, 3
Let a(p) = 2*p + 15. List the prime factors of a(7).
29
Suppose 3*k - 5 = 2*k. Suppose -k*j + 0*o = o - 84, -2*j + 48 = 4*o. What are the prime factors of j?
2
Suppose 5*d = 4*q - 2, 5*d + q - 5 = 8. Let a(h) = -h**3 + 2*h - 3. Let x be a(d). Let z(s) = -3*s - 10. What are the prime factors of z(x)?
11
Let m(q) = -3*q**3 - 13*q**2 + 3*q - 4. What are the prime factors of m(-6)?
2, 79
Let n(m) = -2*m - 16. Let y be n(-12). Let z = y + -5. List the prime factors of z.
3
Suppose u + 3 - 8 = 0. Suppose -l + t = u*t - 41, -2*l + 4*t + 46 = 0. What are the prime factors of l?
29
Let q(p) = 79*p. Let h be q(-1). Let d = h + 127. What are the prime factors of (-4)/(-10) - d/(-5)?
2, 5
Suppose 5*t + 11 + 9 = h, 5*t + 10 = -h. Suppose i + 10 = -i, c - h*i = 27. What are the prime factors of c?
2
Let o = 7 - -28. List the prime factors of o.
5, 7
Let n = -1 + -5. List the prime factors of (-2 + 0)/(2/n).
2, 3
Let t(k) = k**2 + 11. List the prime factors of t(-6).
47
Let q = 83 - 163. List the prime factors of q/15*(-3)/2.
2
Let q(h) = -31*h + 35. List the prime factors of q(-6).
13, 17
Let z(n) be the first derivative of -n**4/4 + 11*n**3/3 + n**2 - 3*n + 7. List the prime factors of z(11).
19
Suppose -139 = -j - 4*p, -5*j + p = 2*p - 790. List the prime factors of j.
3, 53
Let r = 7 - 5. Suppose 3*w + r = 20. What are the prime factors of 3*(-1)/(w/(-8))?
2
Let w = -5 - -9. Let m = 0 + 2. Let t = w - m. What are the prime factors of t?
2
Let q(h) = h + 33. Let z be q(0). Suppose 2*k + 88 = 5*i + z, -2*k = 0. What are the prime factors of i?
11
List the prime factors of ((-4)/(-10))/((-3)/(-345)).
2, 23
Let g(y) = 6*y. Suppose 0 = 2*p + 4*u - 17 + 5, 3*p - 5*u + 4 = 0. List the prime factors of g(p).
2, 3
Let c(f) = 7*f + 1. Let b(t) = 7*t + 2. Let u(r) = -4*b(r) + 5*c(r). What are the prime factors of u(2)?
11
Let o(v) = -v**2 - 3 - v**3 - 3 - 5*v**2 + 5*v. Let p be 2/(-8) + (-27)/4. What are the prime factors of o(p)?
2
Suppose 4*b = -3*c + 22, -3*b + 28 = 2*b + 4*c. Suppose 0 = -b*g + 3*r + 137, 2*r - 4*r + 154 = 5*g. What are the prime factors of g?
2
Suppose -24 = -2*w - 5*c, 3*c - 19 = -5*w + 3. Let m = w - -3. Suppose -4*z + 4*x + 28 = 0, 20 + 11 = m*z - x. What are the prime factors of z?
2, 3
Let n = 4 - 4. Suppose -2*v - j + 16 = n, 0 = -2*v + 3*j - 7 + 31. What are the prime factors of v?
3
Let n be (1 + 1)/(6/(-33)). Let y = -6 - n. Suppose -2*u = -27 - y. List the prime factors of u.
2
Suppose -4*k + 46 = 2*c, 3*c = -4*k + 14 + 53. What are the prime factors of c?
3, 7
Suppose 182 = 4*b - 42. List the prime factors of b.
2, 7
Suppose -2*b + 16 = 6. Suppose -b*f + 11 = -9. List the prime factors of f.
2
Let r = -3 + 3. Suppose g - 1 = -4*b + 3, r = 3*g + b - 12. Suppose -6 - g = -3*q - t, -5*q + 5*t = 10. What are the prime factors of q?
2
Let w(h) = 5*h**2 + 3*h - 2. List the prime factors of w(3).
2, 13
List the prime factors of (428 + -1)*(-64)/(-224).
2, 61
Let s be (-1)/4 + 12/(-16). Let c be (1 - (-3)/(-3))/s. Let a = c - -11. What are the prime factors of a?
11
Let b be (5 - 1) + -18 - 1. Suppose 2*w - 62 = -374. What are the prime factors of 3/5 + w/b?
11
Suppose 26 = 2*x + 10. Suppose 2*q = -2*q + x. Suppose -4*f + 2*v = 3*v - 13, q*v = -4*f + 18. What are the prime factors of f?
2
Suppose 5*u = 5*a - 2*a - 5, -3*a - 3*u + 21 = 0. Suppose a*t = -2*g + t + 12, t - 75 = -5*g. List the prime factors of g.
2
Suppose -5*g + 0*s - 249 = -4*s, 5*g - 3*s = -253. Let l = 78 + g. List the prime factors of l.
5
Suppose -9 = -3*n, 0 = 4*z + 2*n + 24 - 310. List the prime factors of z.
2, 5, 7
Let c(m) be the third derivative of m**4/24 - 2*m**3/3 + 2*m**2. What are the prime factors of c(6)?
2
Let u(g) = -82*g**3 - 2*g**2 - 3*g - 2. What are the prime factors of u(-1)?
3
Let w = 90 + -23. What are the prime factors of w?
67
Let t = -34 - -69. List the prime factors of t.
5, 7
Let m be (-1)/1*(-3 + 10). Let b be 4/6 - (-35)/(-3). Let j = m - b. What are the prime factors of j?
2
Let a = 2 - 6. What are the prime factors of ((-14)/a)/(3/6)?
7
Let f(i) = -i**2 + 25*i - 15. List the prime factors of f(16).
3, 43
Let s = 10 + 54. List the prime factors of s.
2
Let k = -4 - 1. Let o(l) = -l**3 - 4*l**2 + 5*l + 5. Let r be o(k). Suppose -4*d = -r*u + 62, u + 3 = 5*d + 7. What are the prime factors of u?
2, 7
Let v(o) = -o + 3. Let a be v(3). Suppose a = 2*g - 35 - 5. List the prime factors of g.
2, 5
What are the prime factors of ((-24)/(-9))/((-2)/(-12))?
2
Let b(k) = k**3 - 5*k**2 - 2*k - 3. Suppose -6 = -3*g - u + 17, 2*g = 2*u + 2. What are the prime factors of b(g)?
3, 7
Suppose 2 = -l + 2*l, -4*l + 32 = 4*c. Suppose -3*d - 9 = -c*d. Let s = 7 - d. List the prime factors of s.
2
List the prime factors of 3 + 0 - -123 - -4.
2, 5, 13
Suppose -o = -22 - 8. Suppose -4*z - z = -o. What are the prime factors of z?
2, 3
Suppose 402 + 282 = 9*h. What are the prime factors of h?
2, 19
Suppose -4*q - 5*d = -3*q - 5, 2*d = -5*q + 25. Suppose 2*m = m - i + 29, 20 = -q*i. What are the prime factors of m?
3, 11
Let m(o) = o**3 - 12*o**2 - 12*o - 3. List the prime factors of m(13).
2, 5
Let f(z) = z**3 + 5*z**2 - 9*z - 1. Suppose c = -2*c - 18. Let i be f(c). Suppose 5*t - 4*m - i - 16 = 0, 0 = -m - 2. List the prime factors of t.
5
Let g be (-5)/(-5) + -10*1. Let r = -17 - g. Let x = 25 + r. What are the prime factors of x?
17
Let p be (2 - -2)*3/4. Suppose 0 = 7*f - p*f - 32. What are the prime factors of f?
2
Let o be 75/(-6)*4/(-5). Suppose -o = 5*k + 4*f, k + 3 = -0*f - f. Suppose 0 = -3*q + 15, -k*z = -0*z - 3*q - 7. What are the prime factors of z?
11
Let f = 16 - 11. Suppose -f*o + 42 = -4*x, o + 3*x + 33 = 5*o. Let l(n) = -n**3 + 5*n**2 + 8*n - 4. List the prime factors of l(o).
2
Let f(u) = -34*u + 13. Let k be f(-8). List the prime factors of k/9 - (-6)/(-9).
31
Suppose -3*l = -0*r + r - 17, 4*l + 51 = 3*r. What are the prime factors of r?
17
Let h = 7 + -10. Let z(p) = 5*p**2 - 3 - 14*p**2 + 10*p**2. What are the prime factors of z(h)?
2, 3
Let c(l) = -4*l + 3. Let z(t) = -3*t + 2. Let j(i) = -2*c(i) + 3*z(i). Let b be j(-6). What are the prime factors of 98/b - (-7)/(-21)?
2
Let u = 3 + 19. Let y = u + -11. What are the prime factors of y?
11
Let f = -76 + 144. List the prime factors of f/7 - 12/(-42).
2, 5
Let l(y) = 4*y**2 - 5*y - 10. List the prime factors of l(-5).
5, 23
Let o(h) = -2*h + 6. Let v be o(6). Suppose -5 + 1 = -g. Let q = g - v. List the prime factors of q.
2, 5
Suppose -2 - 8 = 3*n + 4*a, 5*n = -2*a - 12. Let v(j) be the third derivative of j**5/20 - j**3/6 - j**2. List the prime factors of v(n).
11
Suppose -14 - 21 = -5*p. Let m be 1/(-1) - (0 + 1). List the prime factors of p + 8 - 2/m.
2
Suppose -12 = -d + 12. Suppose 2*m - d = x + 3*x, 0 = -5*m - x + 27. What are the prime factors of 35/2 + (-3)/m?
17
Let m be ((-8)/(-6))/(10/30). Let n = 65 + -32. Suppose 3*k + 5*v = n, 0*k = -k + m*v - 6. List the prime factors of k.
2, 3
Let r = 5 - 1. Let s be ((-8)/10)/(2/(-5)). Suppose -2*j = r*x - 46, s*x - 4*j - 17 = -3*j. What are the prime factors of x?
2, 5
Let w(v) = 5*v**2 - 11*v - 10. Let u(h) = h**2 - 2*h - 2. Let s(t) = 11*u(t) - 2*w(t). Let n(b) be th